 + 122401. Determine f(148).
5
Let r(u) = -971*u**2 - 3256*u + 6517. What is r(2)?
-3879
Let j(v) = -85*v + 11783. Give j(138).
53
Let r(a) = 13360*a + 53407. Give r(-4).
-33
Let j(h) = 809*h + 54490. Calculate j(-66).
1096
Let q(l) = -2*l**2 - 5858*l + 183420. Calculate q(31).
-100
Let z(n) = 2*n**2 - 329*n - 29527. Calculate z(229).
14
Let w(t) = 2*t**3 - 141*t**2 - 430*t + 30. What is w(-3)?
-3
Let n(f) = -f**2 + 214*f - 7818. What is n(60)?
1422
Let s(r) = -r**3 + 14*r**2 + 81*r - 1014. Calculate s(8).
18
Let r(c) = 5*c**2 + 173*c - 5327. Determine r(19).
-235
Let x(b) = -2*b**2 - 58*b - 49. Calculate x(-52).
-2441
Let r(n) = -n**3 - 232*n**2 + 21*n + 58696. Calculate r(-231).
484
Let t(k) = -45*k**2 - 190*k + 2613. Determine t(-10).
13
Let r(x) = 108*x**2 - 3507*x - 19. Determine r(32).
-1651
Let k(v) = -87183*v**2 + 2005207*v + 45. Determine k(23).
-1
Let m(t) = -752*t + 7521. Give m(10).
1
Let b(c) = 20*c**3 - 7593*c**2 + 4916*c + 4163. What is b(379)?
-6
Let c(f) = -f**3 + 19*f**2 + 212*f - 161. What is c(-8)?
-129
Let q(w) = w**3 - 122*w**2 - 359*w - 1968. Calculate q(125).
32
Let m(i) = -2*i**3 - 175*i**2 + 4921*i + 425294. What is m(-88)?
-10
Let a(p) = -242*p - 32265. Calculate a(-140).
1615
Let l(u) = -u**3 + 115*u**2 + 520*u - 5331. Determine l(119).
-95
Let b(c) = -527*c - 540731. What is b(-1026)?
-29
Let j(p) = -3*p**2 - 107*p - 1047. What is j(-14)?
-137
Let s(j) = -4010*j + 4066. Determine s(1).
56
Let p(u) = -448*u + 78833. Determine p(176).
-15
Let i(m) = -10717*m - 21449. Give i(-2).
-15
Let n(a) = -a**2 + 6*a + 3297. Determine n(-54).
57
Let c(z) = z**3 - 39*z**2 - 41*z - 2740. Calculate c(43).
2893
Let c(t) = -33812*t - 473365. Give c(-14).
3
Let w(t) = -t**2 + 3672498*t + 14689998. Calculate w(-4).
-10
Let k(g) = 124*g**2 - 2814*g - 873. Determine k(23).
1
Let w(f) = -5*f**2 + 971*f - 32079. What is w(152)?
-7
Let a(h) = -h**3 + 180*h**2 - 5802*h + 757. Give a(138).
-71
Let h(g) = -13*g**2 - 1598*g + 1891. What is h(-124)?
155
Let z(v) = 18*v**3 - 13662*v**2 + 12*v - 9107. What is z(759)?
1
Let c(o) = -4*o**2 + 918*o + 1729. What is c(230)?
1269
Let n(s) = -9*s**3 + 58*s**2 - 1802*s + 12853. Determine n(7).
-6
Let t(y) = 16309*y - 81538. What is t(5)?
7
Let d(c) = -5*c**3 - 6*c**2 - 14*c - 50. Give d(-5).
495
Let x(h) = 24*h**3 + 54*h**2 + 9025*h + 18031. Determine x(-2).
5
Let z(d) = d**2 - 699*d + 118250. Calculate z(287).
6
Let k(h) = 12*h**2 - 806*h - 82. What is k(68)?
598
Let n(z) = 1430*z**2 + 4283*z + 3. Calculate n(-3).
24
Let i(v) = -v**3 + 19*v**2 + 161*v + 302. Determine i(-9).
1121
Let c(l) = 48*l**3 - 16800*l**2 + 134*l - 46891. Calculate c(350).
9
Let t(b) = -129*b + 5031. Determine t(36).
387
Let z(r) = -r**2 + 4632*r - 417434. Calculate z(92).
246
Let h(x) = -482*x**2 + 778*x - 782. What is h(1)?
-486
Let c(n) = 1985*n - 17676. What is c(9)?
189
Let x(n) = -n**3 - 17*n**2 + 45*n + 36. Calculate x(13).
-4449
Let y(u) = 6*u**2 - 8695*u + 146081. Give y(17).
0
Let r(a) = -45*a**2 - 4219*a + 1035. What is r(-94)?
1
Let j(f) = 46*f**2 - 1826*f - 51307. Calculate j(-19).
-7
Let b(o) = 473*o + 21478. Calculate b(-47).
-753
Let l(r) = 53*r**2 + 4880*r + 5. Determine l(-92).
-363
Let c(u) = u**3 + 101*u**2 - 458*u - 62665. Give c(-99).
2279
Let z(q) = 2*q**3 - 47*q**2 - 130*q + 2519. What is z(24)?
-25
Let w(u) = u**3 - 126*u**2 + 2946*u + 52. What is w(95)?
147
Let c(g) = 3*g**2 - 155*g - 1011. Give c(-6).
27
Let r(n) = -11*n**3 + 1550*n**2 + 142*n + 301. What is r(141)?
442
Let b(p) = -44446*p + 2755843. What is b(62)?
191
Let r(u) = 105*u**2 - 105*u - 22. What is r(1)?
-22
Let v(r) = -r**2 - 230*r + 22251. What is v(-304)?
-245
Let v(u) = 3*u**3 - 13*u**2 - 872*u + 3478. Calculate v(4).
-26
Let s(b) = -2*b**3 - 565*b**2 + 19093*b + 5. Give s(-313).
5
Let t(f) = -f**2 - 1304*f + 57919. Give t(43).
-2
Let o(p) = -p**2 + 14*p + 401. What is o(15)?
386
Let f(i) = 550*i - 21230. Calculate f(39).
220
Let q(v) = -v**2 + 1716*v + 326751. Give q(-173).
-46
Let d(y) = -66*y**2 - 465*y - 19. Give d(-7).
2
Let f(l) = 3*l**3 + 911*l**2 - 2497*l - 108625. Give f(-306).
5
Let s(q) = 4*q**2 - 18371*q + 1550349. Calculate s(86).
27
Let u(o) = 2*o**2 + 159222*o - 796162. Calculate u(5).
-2
Let o(p) = p**3 - 27*p**2 - 67*p - 739. What is o(22)?
-4633
Let n(v) = v**3 - 13*v**2 - 630*v + 8374. What is n(13)?
184
Let y(x) = -x**2 + 1613*x - 518230. Calculate y(443).
80
Let b(y) = 15*y**2 + 127*y + 1059. What is b(-13)?
1943
Let h(g) = g**3 - 142*g**2 + 3717*g - 1502. Determine h(34).
28
Let y(x) = x**2 + 42251*x - 2708206. Determine y(64).
-46
Let j(h) = 25*h**2 + 179*h - 76. What is j(-8)?
92
Let d(x) = 4170*x - 15646. Calculate d(4).
1034
Let l(g) = -163*g + 14343. Give l(89).
-164
Let x(g) = g**3 + 44*g**2 - 145*g - 340. Calculate x(-47).
-152
Let d(b) = 309*b**2 - 131333*b + 3394. Calculate d(425).
-6
Let f(j) = 22*j**2 - 1789*j + 6807. Give f(4).
3
Let r(f) = f**3 - 21*f**2 - 367*f - 111. Determine r(32).
-591
Let g(b) = b**2 - 51*b + 312. What is g(62)?
994
Let m(g) = 45236*g + 588064. Calculate m(-13).
-4
Let n(s) = -13340*s + 40341. Calculate n(3).
321
Let m(d) = -417*d**2 + 23224*d + 7166. Calculate m(56).
-2
Let d(b) = -b**3 - 697*b**2 - 3594*b - 92718. Give d(-692).
10
Let q(t) = -t**3 - 102*t**2 + 306*t - 2114. What is q(-105)?
-1169
Let p(u) = u**2 - 415*u + 14596. Determine p(37).
610
Let a(l) = -l**2 + 66*l - 94. Give a(55).
511
Let h(l) = 179*l**3 + 6*l**2 + 7*l - 21. Calculate h(2).
1449
Let a(y) = y**2 - 49402*y + 296446. What is a(6)?
70
Let w(a) = 60692*a - 183472. Give w(3).
-1396
Let o(k) = 840*k + 3353. Calculate o(-4).
-7
Let z(f) = 9*f**2 - 1593*f - 3186. Calculate z(179).
36
Let a(k) = -35*k**3 - k**2 - 154*k - 297. Determine a(-2).
287
Let r(h) = 17*h**2 - 1131*h + 303. Give r(65).
-1387
Let g(i) = i**3 - 28*i**2 - 291*i - 68. Calculate g(36).
-176
Let u(s) = -2*s**3 - 59*s**2 + 1402*s + 324. Give u(-45).
9
Let n(v) = -141205*v + 1835644. Give n(13).
-21
Let g(f) = -23*f**2 - 149*f - 83. Give g(-6).
-17
Let x(l) = 381*l - 38046. What is x(100)?
54
Let x(s) = -169*s + 10422. What is x(72)?
-1746
Let b(a) = a**3 + 233*a**2 + 13196*a + 11884. Calculate b(-138).
16
Let w(q) = q**2 + 1493*q - 364932. Calculate w(214).
366
Let u(f) = 4889*f + 9780. Calculate u(-2).
2
Let t(u) = -4*u**3 - 6*u**2 + 141*u - 754. Give t(6).
-988
Let s(y) = -12764*y + 268061. Calculate s(21).
17
Let g(q) = -6158*q + 5936307. Determine g(964).
-5
Let j(u) = -2816*u + 38241. What is j(13)?
1633
Let t(c) = -3*c**3 - 248*c**2 - 68*c - 12495. Determine t(-83).
38
Let t(z) = -1586634*z + 1586628. What is t(1)?
-6
Let p(u) = -u**3 + 76*u**2 + 2157*u - 83. Calculate p(98).
15
Let l(r) = 2*r**3 - 48*r**2 + 1066*r - 7854. Calculate l(10).
6
Let b(c) = 5*c**2 + 952*c + 10331. Determine b(-178).
-705
Let i(t) = 108*t - 652. Give i(2).
-436
Let j(q) = -9816*q + 6615993. Determine j(674).
9
Let w(s) = -16381*s + 12498679. What is w(763)?
-24
Let f(s) = 792*s**2 - 5542*s + 43. Give f(7).
57
Let h(w) = 281*w + 16380. Give h(-58).
82
Let m(g) = g**3 - 51*g**2 + 676*g - 1156. What is m(20)?
-36
Let s(a) = -4*a**2 - 259*a - 2817. Give s(-11).
-452
Let k(x) = -126*x**2 + 620*x + 26. Calculate k(5).
-24
Let q(r) = 5*r**2 - 280*r - 10221. What is q(-26)?
439
Let n(h) = 463*h + 510. Determine n(-1).
47
Let v(w) = 405970*w + 5683563. What is v(-14)?
-17
Let f(r) = 2447*r - 36861. What is f(15)?
-156
Let c(k) = k**2 - 465*k + 2396. Determine c(5).
96
Let q(a) = -82066*a - 492396. What is q(-6)?
0
Let v(c) = -2*c**3 - 4*c**2 + 478*c - 460. Calculate v(-17).
84
Let k(d) = -2*d**2 - 1805*d - 14303. Give k(-8).
9
Let b(z) = -31*z - 62. Determine b(15).
-527
Let f(d) = -d**2 + 8153*d - 219414. What is f(27)?
-12
Let d(p) = -p**3 - 2497*p - 34. Determine d(0).
-34
Let c(o) = 3*o**3 + 251*o**2 + 416*o + 41988. What is c(-84)?
-12
Let n(g) = -3*g**3 - 60*g**2 - 759*g - 17289. What is n(-21)?
-27
Let a(i) = -584846*i - 10527233. Calculate a(-18).
-5
Let h(p) = -22661*p - 770477. Determine h(-34).
-3
Let s(v) = -887*v - 174. Give s(0).
-174
Let h(u) = 967830*u - 967836. Calculate h(1).
-6
Let y(k) = 3080*k - 73909. Give y(24).
11
Let z(j) = -136*j**2 + 15*j - 22. Give z(0).
-22
Let v(q) = -q**3 - 531*q**2 + 4825*q - 18899. Calculate v(-540).
1
Let g(c) = -2*c*